+ 32 = o. Is 13 a factor of s?
False
Let k(f) = 2*f**2 - 4*f**2 + 2 + 0 + 3*f + 1 - 3*f**3. Is k(-2) a multiple of 6?
False
Suppose 4*s = 12 + 88. Does 11 divide s?
False
Let n(d) = -2*d + 1. Let u be n(8). Is (-9)/u + 337/5 a multiple of 18?
False
Let f = 6 - 15. Let x(a) = -4*a + 2. Is 12 a factor of x(f)?
False
Let m(d) = -2*d + 3. Does 4 divide m(-6)?
False
Is (2 - (1 - -2))*(-1 + -42) a multiple of 19?
False
Let k(m) = 42*m**3 + 7*m**2 - 12*m. Does 12 divide k(2)?
False
Let g(z) = 13*z - 11. Let l be g(5). Does 16 divide ((-18)/l)/((-1)/48)?
True
Let v be (3/6)/((-3)/(-138)). Suppose -v - 64 = -3*h. Does 11 divide h?
False
Suppose -l = -5*d + 419, -d + 328 = 3*d + l. Does 19 divide d?
False
Suppose -5*h - a - 10 = 0, 3*h + 8 = -h - a. Let m(c) = -6*c - 2. Does 6 divide m(h)?
False
Suppose 3*b = 4*s - 6, 4*b = -2*s - 13 + 5. Suppose 5*d - 3*p - 203 = s, p = -p - 2. Does 10 divide d?
True
Suppose -4*s - 5*f + 653 = 0, -3*s = -4*s + 2*f + 160. Suppose 2*q + s = -4*v, 0 = v - 2*q + 14 + 39. Let l = 62 + v. Is 8 a factor of l?
False
Suppose 3*t + 3*y + 6 = 0, -t - 8 = 3*t + y. Let b = 4 + t. Suppose -3*u = -b*u - 18. Is 18 a factor of u?
True
Suppose 5*v + 0*v = 185. Let k = v + -25. Is k a multiple of 6?
True
Let r = -13 - -13. Suppose 5*u + 3*a - 19 = 0, -u + 9 = -3*a - 2. Suppose 0 = u*t + 2*d - 73 - 3, -3*t + 3*d + 54 = r. Does 8 divide t?
True
Suppose b + b - 8 = 0. Suppose 2*y - b*w - 24 = 0, -3*y - 8 = 3*w + 2*w. Is y a multiple of 4?
True
Suppose 2 = -4*a + 10. Suppose a*w + 2 = u + 3, -3*u + 2*w - 7 = 0. Let k(j) = -9*j + 3. Does 15 divide k(u)?
True
Let t(k) = -k**3 - 4*k**2 + 8*k - 6. Suppose -4*w + 0*q + 2*q - 18 = 0, -9 = 3*q. Is t(w) a multiple of 6?
True
Let l(k) = 2*k + 6. Let c be l(-4). Does 12 divide 1/((-2)/25)*c?
False
Let y be (-3)/(2 + -1) + 40. Let c = 77 - y. Is c a multiple of 20?
True
Let x(d) = -d**3 + 3*d**2 - 3*d - 3. Let v be x(3). Let m = v + 20. Is 8 a factor of m?
True
Let q be (2/8)/((-5)/(-60)). Suppose -6*g + q*g = -84. Is 14 a factor of g?
True
Suppose 0 = -d + 6 + 14. Is 20 a factor of d?
True
Suppose 3*i = -2*n + 6 + 3, -2*n + 3*i = 9. Is 27 + 3 + -2 + n a multiple of 14?
True
Let w(t) = t**3 + 7*t**2 - 4*t. Let s be w(-6). Suppose 2*y + s = 6*y. Is 12 a factor of y?
False
Let m(a) = 8*a + 2. Let g be m(3). Let l = -8 + g. Does 9 divide l?
True
Let x = 30 - 24. Suppose -15 = -x*y + 27. Is 7 a factor of y?
True
Suppose -g + 365 = 2*x, 0*x + 185 = x + g. Is 45 a factor of x?
True
Suppose -d + p - 2 = 2*d, -4*d - 5 = p. Does 15 divide (36 - d)/(4 - 3)?
False
Let o(m) = 2*m - 6. Let z be o(-8). Let r = 14 - z. Is r a multiple of 18?
True
Does 22 divide 6111/18 + 6/(-4) + 1?
False
Let u(v) = v**2 + 14*v - 2. Let k(w) = w - 1. Let b(d) = 5*k(d) - u(d). Let g be b(-9). Does 18 divide (g/4)/(3/(-72))?
True
Let v = -3 + 9. Does 5 divide v?
False
Suppose -2*i + 5*z - 18 = 0, 0*i = 4*i - z. Suppose n = 2*n + i, 4*b - 2*n - 146 = 0. Is 12 a factor of b?
True
Suppose 4*p - 3*w = 124, -63 = -2*p + 5*w + 13. Does 12 divide p?
False
Let a = 10 + -4. Let y(j) = 5*j + 8. Let f be y(a). Let m = f + -22. Is m a multiple of 8?
True
Let i be (0 - 1)/(4/(-16)). Suppose -9 = -3*w, p - i*w - 84 = -3*p. Does 8 divide p?
True
Suppose -h = -3*h + y + 26, h + 1 = 4*y. Is 3 a factor of (-10)/(-1)*9/h?
True
Suppose 90 = 2*d + d. Suppose 3*u + 0 = d. Suppose -f - 4 = -3*f + 4*x, 5*f - 4*x = u. Is f a multiple of 2?
True
Let x be (5 + -4)*0/(-1). Suppose x*v + 52 = 2*v - 2*q, 4*v - q = 110. Is v a multiple of 5?
False
Suppose -1 + 4 = i. Let b be 83/5 - 2/(-5). Suppose i - b = -2*z. Does 7 divide z?
True
Is (-1)/(-2)*2 - 735/(-21) a multiple of 12?
True
Let m be (-16)/8*(1 - 0). Let o be (-3)/(-3) - (-1 - -12). Let t = m - o. Is t a multiple of 8?
True
Suppose -36 = -7*k + 4*k. Is 2 a factor of k?
True
Does 25 divide (4 + -1 + -128)*-1?
True
Is 2/(-7) + (-1190)/(-49) a multiple of 8?
True
Let d = -47 - -99. Does 4 divide d?
True
Let n(a) = 2*a - 15. Suppose 0 = -3*t + 5*t - 24. Is n(t) a multiple of 4?
False
Suppose -q - 3 = -2*q. Does 6 divide (29 - (0 + q)) + -2?
True
Let q = -34 - -59. Suppose -3*f + 15 = p + p, q = -p + 5*f. Suppose p = 5*g - 5*w - 135, 5*g = -2*w - 2*w + 144. Is g a multiple of 9?
False
Suppose 5*k = -3*z - 30, -z + 2 = -3*k - 16. Let a be (-24)/(-20)*(-20)/k. Suppose a*h = 4*c + 52, h - 30 = -4*c + 8. Is h a multiple of 18?
True
Let n(k) = k**3 - 5*k**2 + k + 3. Is n(6) a multiple of 9?
True
Let f be -20 - 2/3*-3. Let c = f + 33. Is 5 a factor of c?
True
Let o(v) be the first derivative of v**4/4 - 4*v**3/3 + 4*v + 1. Let d be o(4). Suppose -d*a + 20 = -3*a. Is 20 a factor of a?
True
Is 11 a factor of -3 + 12 + (-6)/(-3)?
True
Let n(c) be the first derivative of c**3/3 - 7*c**2/2 + 4*c - 4. Is 4 a factor of n(8)?
True
Let q(f) = 29*f**2. Is q(-2) a multiple of 14?
False
Let h(i) = -4*i**2 + i + 70. Does 2 divide h(0)?
True
Suppose -3*a + 4*a + 4*v + 6 = 0, 3*a - 4*v = 30. Let r(p) = 2*p - 9. Let x be r(a). Suppose -4*i = t + 2, t + 5 = x*t + 5*i. Does 8 divide t?
False
Let j(p) = 4*p - 3. Let k be j(5). Let z = k - -24. Is z a multiple of 19?
False
Let f(z) = -3*z - 1 + 25*z + 1. Does 15 divide f(2)?
False
Suppose 16*u = 17*u - 27. Is u a multiple of 3?
True
Suppose 2*r = -4*k + 4*r + 48, 2*r - 36 = -2*k. Let q be 1 + -3 + 0 + k. Suppose -5*o = -q - 38. Does 10 divide o?
True
Let c(f) = -f. Let d be c(0). Let q(h) = -h + 22. Let a be q(d). Suppose -4*k + a = -6. Does 7 divide k?
True
Suppose -88 = 4*b + 4*t, 3*b - b = 5*t - 9. Does 7 divide b/(-2) - (-1)/(-2)?
False
Let d(m) be the third derivative of 0*m + 2*m**2 + 1/6*m**4 - 2/3*m**3 + 0. Does 8 divide d(3)?
True
Suppose -o = -3*r + 12, -5*o + 30 = 3*r - 0*r. Suppose -15 = -r*u, 2*j - 21 - 18 = -5*u. Is 12 a factor of j?
True
Let b = 18 + -23. Let j = 4 - b. Is 9 a factor of j?
True
Suppose -4*d = -432 - 0. Is 12 a factor of d?
True
Suppose 0 = r + 4*d + 34, 154 = -2*r - 3*r - 4*d. Let k = r - -99. Does 23 divide k?
True
Let v(p) = -35*p - 2. Is 18 a factor of v(-7)?
False
Let q be 1534/10 - 4/10. Let r = -97 + q. Does 14 divide r?
True
Let x(o) = o**2 - 2*o + 154. Is x(0) a multiple of 22?
True
Let q(x) = 3*x**3 + x. Let r(u) be the second derivative of u**4/12 - 11*u**3/6 + 11*u**2/2 - 4*u. Let k be r(10). Is q(k) a multiple of 4?
True
Suppose 76 = 4*r + 32. Suppose 2*j = 2*b - 8, 2*b - r = 3*j - 3. Suppose j + 10 = i. Does 5 divide i?
True
Is (-1 + 2)/((-3)/(-57)) a multiple of 13?
False
Suppose 4*u - 80 = -u. Let d = -16 + 42. Let y = d - u. Is y a multiple of 4?
False
Suppose u - 12 = -3*k, -2*k + u = 3*k - 12. Suppose -k*f = -5*f + 72. Suppose 5*o - 94 = f. Is 12 a factor of o?
False
Let m be -2 + (-6)/((-6)/2). Let t(v) = 3*v**2 - 2*v**2 + 9 + 21. Does 15 divide t(m)?
True
Let q(u) = -3*u + 0*u - 2 - 3*u - 5*u**2 + u**3. Let g be q(6). Is 11 a factor of (8/(-6))/(g/24)?
False
Let p be ((-40)/(-3))/((-1)/3). Let u be p/(-25) + 2/5. Suppose u*y - 2 + 11 = 3*g, 4*g + 3*y - 29 = 0. Is g a multiple of 3?
False
Suppose a = -0*a + 34. Suppose 3*m - a = 71. Is 14 a factor of m?
False
Let i = 2 + 2. Let r = 0 + i. Suppose 0 = -r*l + 6 + 30. Is 7 a factor of l?
False
Suppose 0 = a - 7*a + 78. Is 3 a factor of a?
False
Suppose 2*z + 0*z - 4*b + 18 = 0, -3*z - 3*b - 18 = 0. Let w = 11 + z. Suppose -2*l + 4*k = -44, 36 - 14 = l - w*k. Is 8 a factor of l?
False
Suppose -79 - 65 = -8*a. Is a a multiple of 16?
False
Suppose 4*z + 4*k = -16, -3*z + 2*k = -2*k - 16. Suppose z = -f + 3*f. Suppose 0*y + y - 10 = f. Is y a multiple of 5?
True
Let m(r) = -12*r + 1. Let y be m(-3). Let i = 10 + y. Is 16 a factor of i?
False
Suppose 5*k + 10 = -5*o, 5*o + 4*k + 4 = -2. Suppose o*t = -3*n + 117, 0 = -4*n + 2*t + 67 + 75. Does 11 divide n?
False
Let n(k) = k**2 - k + 8. Let u be n(-8). Is 20 a factor of (10/8)/(2/u)?
False
Suppose u - 4*u = -2*b + 12, 5*u + 4 = -2*b. Let c(l) = -35*l + 1. Let m be c(u). Suppose 5*g = -0*d + d + m, -d - 57 = -4*g. Is g a multiple of 6?
False
Is 9 a factor of 9/(-18) + (-146)/(-4)?
True
Let w be (350/(-7))/(-1 + 0). Let t = 5 + w. Is t a multiple of 11?
True
Let o(v) = 2*v**2 - 11*v + 9. Let d be ((-28)/(-12))/((-2)/(-12)). Let s be 102/14 - 4/d. Is o(s) a multiple of 15?
True
Suppose 277 = 2*k + 3*s, s + 3 = 2. Is 28 a factor of k?
True
Let x 